7)?
9
Calculate -47 + 24 + 37 + (-31 - -2).
-15
What is the value of (1 - 0) + (9 - (5 + 11))?
-6
What is the value of (-2 - (-3 + 13)) + 0 + (2 - 5)?
-15
(311 - 322) + -1 + 5 + -1
-8
What is -6 - -30 - (-42 - -39)?
27
Calculate 25 + 22 + -40 + (1 - 12).
-4
Calculate 1 - (-9 + (-13 - -8 - -11)).
4
What is 9 - ((10 - 10) + (0 - -1 - -1))?
7
-7 - ((10 - 22) + 2) - -13
16
Calculate -1 + 4 - (17 - 14 - 10).
10
Calculate -23 + 21 + -21 + 7.
-16
Calculate 16 - 16 - (4 + 1 - 4).
-1
Evaluate -3 + 12 + (-5 - (-2 - -1)) + 7.
12
Evaluate -4 - 1 - ((-37 - -1) + 37).
-6
Evaluate -63 - -31 - (-3 - 22).
-7
Calculate -3 - (0 + 9 + 2 + (113 - 118)).
-9
Evaluate 39 - (-48 + (56 - 2)).
33
-10 - -4 - (-6 - 3) - -8
11
What is 13 - ((-1 - 6) + 90 + -80 - 12)?
22
Calculate -9 + -5 + 1 - (-5 - -2 - 4).
-6
What is the value of -8 - (10 - 24) - (2 + -2 + 19)?
-13
Calculate -204 - -206 - (-2 - -1).
3
What is -2 + -10 + (2 - -3 - 8) - 4?
-19
What is the value of 22 + (-12 - -6) - 0?
16
Calculate -56 - -31 - (-8 + -6).
-11
What is -3 + -17 + 12 + (0 - -18)?
10
What is the value of 20 - (-1 + -5 + (-9 - 2) + 16)?
21
Evaluate (-26 - (-17 + -4)) + 24.
19
12 + -18 - -8 - (3 - 3)
2
What is (-8 - 0) + (68 - 60) + -4 + -4?
-8
Calculate 12 - (-1 + 4) - (33 - 31).
7
What is 1 + (15 - (-1 - -8))?
9
What is 31 + -8 - (0 - -10)?
13
Calculate (6 - (-1 - -4) - (-34 + 32)) + -5.
0
What is 31 + -59 + (-21 - -58)?
9
What is -423 + 437 + (0 - -19)?
33
What is the value of -16 + (9 - (9 - 0)) + -5 + 2?
-19
What is the value of -13 + (-1 - (-7 + 5 + 4 + -8))?
-8
What is the value of -2834 + 2783 + (11 - (-2 + 1))?
-39
Evaluate (-15 - -21) + (-3 - (-2 - 9) - 3).
11
Evaluate 9 - (-8 + -7 + 13) - (-1 + -3).
15
What is 2 - (5 - 1 - (6 + -12))?
-8
Calculate 8 + -6 + 0 + -1 - 14 - 0.
-13
Evaluate 0 + -3 + (0 + 9 + -3 - 13).
-10
(10 - (16 + -5 + -13)) + 10
22
Calculate 5 - (-7 + -1 - ((18 - 45) + 12)).
-2
What is the value of 2 - (-6 - -13 - (-7 - 6 - -4))?
-14
Evaluate 1 - -9 - ((21 - -19 - 6) + -8).
-16
(5 - (0 + (-11 + 8 - -7))) + -35
-34
What is the value of (-2 - -2) + (35 - 16) + -8?
11
Evaluate 46 - (-5 + 41 + 38).
-28
What is the value of (-7 - ((-2 - 7) + 7)) + 2 - -8?
5
What is the value of 10 - -1 - -3 - 11?
3
Evaluate (0 - (0 + 8)) + (3 - 4) + 17.
8
What is the value of -15 + -12 + 36 - -4?
13
What is the value of 2 + (-1 - -8) - ((12 - 3) + -3)?
3
What is the value of 25 + -43 + -1 + 4?
-15
Evaluate (11 - 0) + (45 - 35 - (-1 - -16)).
6
Calculate 508 + -553 + 21 + 1.
-23
What is -13 - 0 - (-5 - -1 - (25 - 23))?
-7
Evaluate 4 - (6 - (8 + -15)).
-9
Calculate -17 + 4 + 31 - (4 - (3 + -3)).
14
Evaluate -50 + 34 + 0 + 10 - (-2 + 8).
-12
What is 32 - (-36 - -37) - 33?
-2
What is -51 - (-1 + -25) - -18?
-7
What is the value of -17 - 0 - (-1 + (7 - -1 - 7))?
-17
What is 100 - 117 - (-8 + (-3 - -2))?
-8
What is (23 - -14) + -103 - -39?
-27
What is (14 - 26) + (1 - -13)?
2
-26 - (-4 - 0 - (31 + -24))
-15
Calculate 11 + 1 - (25 - 4).
-9
What is -15 - (20 + -4) - -6?
-25
What is the value of -1 - ((-14 - -11 - 3) + (13 - -1))?
-9
What is (7 - 9) + -1 - -10 - 17?
-10
What is -66 + 29 - (6 + (0 - (11 + -5)))?
-37
Evaluate (6 - 11) + -5 + 5.
-5
Calculate -3 + -4 + (-3 - -4) - (-15 + -2).
11
What is -5 + 11 - -9 - ((-1 - 1) + 7)?
10
What is 16 + (-1 - 2 - (15 + -12)) - 1?
9
What is the value of -38 + 2 + 64 + -28?
0
Calculate (-23 - 24) + 52 + (1 - -17).
23
-33 + 12 + 7 + 9
-5
Evaluate -16 - (2 + -9) - -10.
1
What is (6 - (-9 - -16)) + (0 - 0 - -16)?
15
Evaluate -52 + 52 - (1 + (-3 - (-3 + -4))).
-5
7 + 8 + -8 + -5 - (0 - -2)
0
What is (-2 - 2) + 0 + -2 - (141 - 145)?
-2
What is the value of -8 + -8 - -11 - (-27 - -5)?
17
What is -8 + (11 - 10 - 0 - -25)?
18
Calculate -20 + -1 - (-48 - -41).
-14
What is 20 - (0 + 5 + -8 + (14 - 6))?
15
What is 20 - -1 - (-15 - -20)?
16
Calculate -1 + 1 + (-228 + 231 - (-2 - 0)).
5
Calculate 13 - (10 + -9 - (-4 + 2)).
10
What is the value of (7 - (14 + 1)) + 1 + -1 + -5?
-13
What is -9 + -2 + 9 + -4 + -5 + 0?
-11
What is (6 + -7 - (5 - (-7 - -8))) + 18?
13
What is (-4 - 3) + 9 + (-1 - 0) + 12?
13
Calculate (-3744 - -3772) + (-14 - -1).
15
What is the value of 1 + 7 + -46 + 52 - 7?
7
What is 4 + 0 - (20 + -4 - 13)?
1
What is -2 + -10 + (14 + -2 + 1 - 22)?
-21
What is -5 + (-6 - (6 - 9)) - 2 - 1?
-11
What is -30 + -39 + 47 - -36?
14
What is 1 - (14 - 42 - -27)?
2
Calculate 2 - (1 - -11) - -2 - (2 + 1).
-11
-25 - (-17 - (1 + (-15 - 0)))
-22
Calculate (7 - (12 - 3 - -13)) + 7.
-8
0 + -3 - (28 - 32)
1
8 + -23 + (0 - -7)
-8
Evaluate 14 + (-3 + -1 + -1 - (-1 - -3)).
7
Calculate (-5 - 1) + 10 + -1 + 3 + 4.
10
What is the value of -31 + -13 + 10 + 3 + 10?
-21
What is the value of (2 - 2) + (-9 - (1 - 0))?
-10
What is -3 - -1 - -14 - (53 + -94 - -33)?
20
What is (2 - 8 - 2) + 3 - (-26 - -5)?
16
Evaluate (-16 - -9) + -7 + (4 - 5).
-15
What is 14 - (-21 - (35 - 90))?
-20
What is -31 + 14 + -2 + 12 + 34?
27
What is the value of 18 - (14 + (-23 - -17) - (1 - -2))?
13
What is the value of -15 + (24 - -2) + (-3 - 1)?
7
What is -3 - ((228 - 224) + (4 - (0 + 1)))?
-10
Evaluate -26 + 26 - (-6 + (-4 - -15)).
-5
What is the value of (-19 - -18) + 16 + -5 - (0 + -8)?
18
5 + -6 + -1 + (-2 - -3 - -3)
2
(2 - 0) + -9 + 23 + -28
-12
What is ((11 - 1) + 21 + -25 - 0) + -3?
3
Calculate 9 - (17 - (-24 + 17)).
-15
Calculate (-9 - (12 - 48)) + -51.
-24
What is 207 + -243 - (-19 + -2)?
-15
Calculate 0 + -7 + 17 + 2 + -9 - -13.
16
-20 - (-28 + 9 + 5)
-6
Evaluate 16 + 5 + -8 + 9 - (1 - -5).
16
Evaluate (-49 - -11) + -7 + (29 - 12).
-28
What is -2 - -1 - (7 + -12 + -8 + 16)?
-4
6 + -4 + (-9 - (-19 + 12))
0
What is the value of -37 + (9 + 2 - 3) - (16 - 19)?
-26
What is -9 + (-2 - (30 + -21))?
-20
Evaluate -3 + (3 - 1) + (23 - 13 - 7).
2
Evaluate ((0 - -7) + -6 - 5) + -16.
-20
Evaluate 19 - (30 - (33 - 34)).
-12
-4 + 8 + -7 + -12 + 23
8
3 + 1 - ((93 - 62) + (-44 - -8))
9
Calculate 0 + -4 + 113 + -119.
-10
((12 - 5) + (7 - -8) - -1) + -9
14
Evaluate -6 + -6 + 5 + 9 + (-32 - -8).
-22
4 + 7 + (-1 - 5 - -4) + -1
8
-3 - (-7 + -4 + 9) - 10
-11
What is 6 - (-1 + -1 + -4 + -1 + 7)?
6
Evaluate 16 + (0 - (-1 + 10)).
7
What is the value of 7 + -20 + 4 + 7 + -6?
-8
Calculate (3 - (-2 + -1)) + -1 + -2 + 2.
5
Calculate 1 + -2 + 12 - 23.
-12
What is -13 + 11 - (0 + (-3 - 0) + 8)?
-7
Calculate 2 - (7 - -3 - 2) - (-18 - -15).
-3
Evaluate -7 + (0 - 16) + -14.
-37
Calculate 11 + (9 - 26 - -19).
13
Evaluate -1 + 20 - (87 + -73).
5
1 + -1 - (-25 - (79 - 116))
-12
What is the value of -2 + 1 - (1735 + -1753)?
17
What is 20 + (-18 - 10) - 16?
-24
Evaluate -6 + (2 - 1) + 7 + 1.
3
Calculate 15 + 5 + -7 + -6 - (-3 + 9).
1
What is the value of (-3 - -21) + -12 + -15 - -2?
-7
Calculate -4 + (3 - (21 - 32)).
10
What is the value of -15 + 25 - (-4 + -1)?
15
9 + 18 + -2 - (-3 - (-9 + 0))
19
(-7 + 0 - 2) + (-90 - -88)
-11
What is the value of 14 - 11 - (-4 + -4 - 6)?
17
Evaluate -3 + 3 + 9 + -3.
6
Calculate -4 + (-27 - -35) + 15.
19
Evaluate (-13 - (-2 - -11) - -46) + (4 - -1).
29
-28 + (2 + -8 + 5 - 4) - -7
-26
What is the value of (-39 - -20) + -1 - (2 + -15)?
-7
Calculate -21 - (3 - 38) - -10.
24
What is the value of -2 + 4 - ((-3 + -3 - 5) + 2)?
11
Calculate 6 + -31 - (-3 - (-8 - (2 + -13))).
-19
Evaluate (-4 - 6) + 31 + -24 + 3.
0
Calculate 22 + 10 + -27 - (3 + (1 - 1)).
2
What is the value of 2 - ((4 + -6 - -13) + -18)?
9
6 + -6 + -11 - (-7 - -6)
-10
What is the value of 6317 - 6326 - (0 + (1 - (-8 - -1)))?
-17
What is 4 - -16 - (7 - (13 + -1) - -1)?
24
Evaluate -2 - 0 - (1 - (-8 - (13 - 29))).
5
Calculate -5 + 2 - (4 - -1 - (8 - -11)).
11
What is the value of 13 + -37 - -69 - 33?
12
What is 6 - (2 + (-5 - (-9 + -9 + 5)))?
-4
What is -4 - -7 - 5 - (1 + 8)?
-11
Calculate -34 - (-112 - (20 - 58)).
40
Evaluate -29 + -1 + 38 - (-2 - -15).
-5
-9 - -7 - (-26 + 16)
8
-4 + (-5 - -5) - (4 - -6 - 4)
-10
Calculate -23 + 0 + 7 + 7 + 1.
-8
-129 + 128 - (8 + -1)
-8
What is -52 + 0 - (1496 + -1538)?
-10
1 + (10 - 5 - 15)
-9
Calculate (6 - 15) + (-3 - (13 - 27)).
2
Evaluate 8 + (-20 - (6 - 14)).
-4
-3 + 1 - (6 + -8) - (-11 + 0)
11
Evaluate (-2 - -16) + (13 - (-1 - -6)) + -12.
10
32 + (-1 - -8) + -20 - 2
17
Calculate 5 - 6 - (11 + 0).
-12
Evaluate 2 + -33 - -15 - -9.
-7
What is -5 + 10 + -11 - (-2 + 9 + -2)?
-11
(22 - -9) + -6 - 45
-20
Calcula